{"id":1802,"date":"2022-01-16T15:24:21","date_gmt":"2022-01-16T15:24:21","guid":{"rendered":"https:\/\/www.hotellitarjanne.fi\/?page_id=1802"},"modified":"2026-04-17T10:36:37","modified_gmt":"2026-04-17T10:36:37","slug":"varausehdot","status":"publish","type":"page","link":"https:\/\/www.hotellitarjanne.fi\/index.php\/varausehdot\/","title":{"rendered":"Varausehdot"},"content":{"rendered":"\t\t<div data-elementor-type=\"wp-page\" data-elementor-id=\"1802\" class=\"elementor elementor-1802\">\n\t\t\t\t\t\t<section class=\"elementor-section elementor-top-section elementor-element elementor-element-5112422a elementor-section-boxed elementor-section-height-default elementor-section-height-default\" data-id=\"5112422a\" data-element_type=\"section\" data-e-type=\"section\">\n\t\t\t\t\t\t<div class=\"elementor-container elementor-column-gap-default\">\n\t\t\t\t\t<div class=\"elementor-column elementor-col-100 elementor-top-column elementor-element elementor-element-7b866489\" data-id=\"7b866489\" data-element_type=\"column\" data-e-type=\"column\">\n\t\t\t<div class=\"elementor-widget-wrap elementor-element-populated\">\n\t\t\t\t\t\t<div class=\"elementor-element elementor-element-4226bf7c elementor-widget elementor-widget-text-editor\" data-id=\"4226bf7c\" data-element_type=\"widget\" data-e-type=\"widget\" data-widget_type=\"text-editor.default\">\n\t\t\t\t<div class=\"elementor-widget-container\">\n\t\t\t\t\t\t\t\t\t<p><span style=\"text-decoration: underline;\"><a href=\"https:\/\/www.hotellitarjanne.fi\/wp-content\/uploads\/2025\/06\/Hotelli-Tarjanteen-majoituksen-varaus-ja-peruutusehdot-ja-asiakkaan-vastuut.pdf\">Lataa t\u00e4st\u00e4<\/a><\/span>&nbsp;viralliset varausehdot.<\/p>\n<p>Alla muutamia useimmiten kysyttyj\u00e4 asioita koskien Hotelli Tarjanteen majoituksen s\u00e4\u00e4nt\u00f6j\u00e4:<\/p>\n<h5><strong><em>Tekem\u00e4ll\u00e4 varauksen mink\u00e4 tahansa varauskanavan kautta sitoudut noudattamaan Hotelli Tarjanteen majoituksen virallisia varausehtoja ja niiden tarkennuksia ( koskee mm: kaikkien internetsivustojen ja -alustojen sek\u00e4 mobiilisovellusten kautta \/ v\u00e4litt\u00e4min\u00e4 tehdyt varaukset, suorat puhelinvaraukset, s\u00e4hk\u00f6postitse tehdyt varaukset tai suorat varaukset ala-aulamme vastaanotosta ).<\/em><\/strong><\/h5>\n<p><em><strong>Sis\u00e4\u00e4nkirjautuminen <span style=\"text-decoration: underline;\">aikaisintaan<\/span> noin klo 15.00 alkaen<\/strong><\/em> ( Pid\u00e4t\u00e4mme oikeudet muutoksiin, jotka ovat aina mahdollisia! T\u00e4m\u00e4 aikataulu on voimassa mik\u00e4li valittu huonetyyppi on valmistunut siivouksesta;&nbsp; kes\u00e4aikaan huonesiivouksessa on enemm\u00e4n ruuhkaa ). Ennakkoon sopimalla huoneen voi saada aikaisemminkin ja voi samalla varmistaa sen saatavuuden ihan tiettyyn haluamaansa aikaan. Pyyd\u00e4mme l\u00e4hett\u00e4m\u00e4\u00e4n tiedustelut ensisijaisesti s\u00e4hk\u00f6postitse osoitteeseen: info@tarjanne.com.<\/p>\n<p><em><strong>Uloskirjautuminen on klo 12.00 menness\u00e4<\/strong><\/em> ( my\u00f6h\u00e4isempi huoneen luovutus on sovittava aina erikseen ).<\/p>\n<p>Huoneen voi peruuttaa maksutta <em><strong>kaksi p\u00e4iv\u00e4\u00e4 ( 2 vrk ), eli 48 tuntia<\/strong><\/em>, ennen varsinaisen saapumisp\u00e4iv\u00e4n sis\u00e4\u00e4nkirjautumista ( noin klo 15.00 alkaen ). Eli jos majottuminen alkaa vaikka 15. p\u00e4iv\u00e4, niin peruuttaminen on maksutonta 13. p\u00e4iv\u00e4\u00e4n klo 15.00 saakka!<\/p>\n<p><em><strong>Peruutuksista saapumista edelt\u00e4vin\u00e4 ( 48 tuntia ) tai varsinaisena saapumisp\u00e4iv\u00e4n\u00e4 veloitamme 50,00 % majoituksen kokonaishinnasta ja kokonaan saapumatta j\u00e4tt\u00e4misest\u00e4 100,00 % majoituksen kokonaishinnasta.<\/strong><\/em><\/p>\n<p>Sairastumiseen tms. tapahtumaan vetoaminen edellytt\u00e4\u00e4 aina l\u00e4\u00e4k\u00e4rin tai terveydenhoitajan virallisen todistuksen esitt\u00e4mist\u00e4, jotta peruutusmaksusta voidaan luopua.&nbsp;<\/p>\n<p><span style=\"text-decoration: underline;\">Peruutuksen syyksi ei en\u00e4\u00e4 riit\u00e4 pelk\u00e4st\u00e4\u00e4n varaajan oma ilmoitus sairastumisesta.<\/span><\/p>\n<p><em><strong>Huoneissa ja \/ tai niiden wc-tiloissa tupakoinnista l\u00e4het\u00e4mme aina 100,00 euron ( 100,00 \u20ac ) lis\u00e4siivouslaskun majoittujalle tai majoituksen varanneelle yritykselle.<\/strong><\/em><\/p>\n<p><em><strong>Samoin my\u00f6s luvatta ja ilman ennakkoilmoitusta huoneisiin tuoduista lemmikkiel\u00e4imist\u00e4 l\u00e4het\u00e4mme aina 100,00 euron ( 100,00 \u20ac ) lis\u00e4siivouslaskun majoittujalle tai majoituksen varanneelle yritykselle.<\/strong><\/em><\/p>\n<p><em><strong>Huoneavaimien kadottamisesta l\u00e4het\u00e4mme aina 100,00 euron ( 100,00 \u20ac ) lis\u00e4laskun majoittujalle tai majoituksen varanneelle yritykselle.<\/strong><\/em><\/p>\n<p>Huoneissa olevat tekstiilit, tarvikkeet, astiat ja pienkoneet yms. tarkistetaan s\u00e4\u00e4nn\u00f6llisesti jokaisen majoitusjakson j\u00e4lkeen. Mik\u00e4li niiss\u00e4 silloin havaitaan rikkoutumia, ilkivaltaa tai ne puuttuvat kokonaan, niin l\u00e4het\u00e4mme aina niiden j\u00e4lleenhankinta-arvoa vastaavan lis\u00e4laskun majoittujalle tai majoituksen varanneelle yritykselle. N\u00e4in toimimme varsinkin niiss\u00e4 tapauksessa, joissa rikkoutumisista yms. vahingoista ei ole ilmoitettu kohtuullisessa ajassa ( joko majoituksen aikana tai heti sen j\u00e4lkeen ) suoraan henkil\u00f6kunnalle tai puhelimitse \/ s\u00e4hk\u00f6postitse majoitusliikkeelle.<\/p>\n<p>Mik\u00e4li huoneiden eri tekstiileihin tai pintoihin majoituksen aikana on kohdistunut normaalista majoittumisesta poikkeavaa likaantumista, ilkivaltaa tms. vastaavaa toimintaa, niin l\u00e4het\u00e4mme aina niiden j\u00e4lleenhankinta-arvoa tai esim. pesulassa teht\u00e4v\u00e4\u00e4 lis\u00e4puhdistusta vastaavan lis\u00e4- tai siivouslaskun majoittujalle tai majoituksen varanneelle yritykselle.<\/p>\n<p>P\u00c4IVITETTY 17.04.2026 \/ Hotelli Tarjanteen majoitus, Virrat.<\/p>\n<p><!-- \/wp:paragraph --><\/p>\t\t\t\t\t\t\t\t<\/div>\n\t\t\t\t<\/div>\n\t\t\t\t\t<\/div>\n\t\t<\/div>\n\t\t\t\t\t<\/div>\n\t\t<\/section>\n\t\t\t\t<\/div>\n\t\t","protected":false},"excerpt":{"rendered":"<p>Lataa t\u00e4st\u00e4&nbsp;viralliset varausehdot. Alla muutamia useimmiten kysyttyj\u00e4 asioita koskien Hotelli Tarjanteen majoituksen s\u00e4\u00e4nt\u00f6j\u00e4: Tekem\u00e4ll\u00e4 varauksen mink\u00e4 tahansa varauskanavan kautta sitoudut noudattamaan Hotelli Tarjanteen majoituksen virallisia varausehtoja ja niiden tarkennuksia ( koskee mm: kaikkien internetsivustojen ja -alustojen sek\u00e4 mobiilisovellusten kautta \/ v\u00e4litt\u00e4min\u00e4 tehdyt varaukset, suorat puhelinvaraukset, s\u00e4hk\u00f6postitse tehdyt varaukset tai suorat varaukset ala-aulamme vastaanotosta ). Sis\u00e4\u00e4nkirjautuminen [&hellip;]<\/p>\n","protected":false},"author":1,"featured_media":0,"parent":0,"menu_order":0,"comment_status":"closed","ping_status":"closed","template":"","meta":{"_uag_custom_page_level_css":"","_monsterinsights_skip_tracking":false,"_monsterinsights_sitenote_active":false,"_monsterinsights_sitenote_note":"","_monsterinsights_sitenote_category":0,"site-sidebar-layout":"default","site-content-layout":"","ast-site-content-layout":"default","site-content-style":"default","site-sidebar-style":"default","ast-global-header-display":"","ast-banner-title-visibility":"","ast-main-header-display":"","ast-hfb-above-header-display":"","ast-hfb-below-header-display":"","ast-hfb-mobile-header-display":"","site-post-title":"","ast-breadcrumbs-content":"","ast-featured-img":"","footer-sml-layout":"","ast-disable-related-posts":"","theme-transparent-header-meta":"","adv-header-id-meta":"","stick-header-meta":"","header-above-stick-meta":"","header-main-stick-meta":"","header-below-stick-meta":"","astra-migrate-meta-layouts":"default","ast-page-background-enabled":"default","ast-page-background-meta":{"desktop":{"background-color":"","background-image":"","background-repeat":"repeat","background-position":"center center","background-size":"auto","background-attachment":"scroll","background-type":"","background-media":"","overlay-type":"","overlay-color":"","overlay-opacity":"","overlay-gradient":""},"tablet":{"background-color":"","background-image":"","background-repeat":"repeat","background-position":"center center","background-size":"auto","background-attachment":"scroll","background-type":"","background-media":"","overlay-type":"","overlay-color":"","overlay-opacity":"","overlay-gradient":""},"mobile":{"background-color":"","background-image":"","background-repeat":"repeat","background-position":"center center","background-size":"auto","background-attachment":"scroll","background-type":"","background-media":"","overlay-type":"","overlay-color":"","overlay-opacity":"","overlay-gradient":""}},"ast-content-background-meta":{"desktop":{"background-color":"var(--ast-global-color-5)","background-image":"","background-repeat":"repeat","background-position":"center center","background-size":"auto","background-attachment":"scroll","background-type":"","background-media":"","overlay-type":"","overlay-color":"","overlay-opacity":"","overlay-gradient":""},"tablet":{"background-color":"var(--ast-global-color-5)","background-image":"","background-repeat":"repeat","background-position":"center center","background-size":"auto","background-attachment":"scroll","background-type":"","background-media":"","overlay-type":"","overlay-color":"","overlay-opacity":"","overlay-gradient":""},"mobile":{"background-color":"var(--ast-global-color-5)","background-image":"","background-repeat":"repeat","background-position":"center center","background-size":"auto","background-attachment":"scroll","background-type":"","background-media":"","overlay-type":"","overlay-color":"","overlay-opacity":"","overlay-gradient":""}},"footnotes":""},"class_list":["post-1802","page","type-page","status-publish","hentry"],"yoast_head":"<!-- This site is optimized with the Yoast SEO plugin v27.4 - https:\/\/yoast.com\/product\/yoast-seo-wordpress\/ -->\n<title>Varausehdot - Hotelli Tarjanteen majoitus Virrat<\/title>\n<meta name=\"robots\" content=\"index, follow, max-snippet:-1, max-image-preview:large, max-video-preview:-1\" \/>\n<link rel=\"canonical\" href=\"https:\/\/www.hotellitarjanne.fi\/index.php\/varausehdot\/\" \/>\n<meta property=\"og:locale\" content=\"fi_FI\" \/>\n<meta property=\"og:type\" content=\"article\" \/>\n<meta property=\"og:title\" content=\"Varausehdot - Hotelli Tarjanteen majoitus Virrat\" \/>\n<meta property=\"og:description\" content=\"Lataa t\u00e4st\u00e4&nbsp;viralliset varausehdot. Alla muutamia useimmiten kysyttyj\u00e4 asioita koskien Hotelli Tarjanteen majoituksen s\u00e4\u00e4nt\u00f6j\u00e4: Tekem\u00e4ll\u00e4 varauksen mink\u00e4 tahansa varauskanavan kautta sitoudut noudattamaan Hotelli Tarjanteen majoituksen virallisia varausehtoja ja niiden tarkennuksia ( koskee mm: kaikkien internetsivustojen ja -alustojen sek\u00e4 mobiilisovellusten kautta \/ v\u00e4litt\u00e4min\u00e4 tehdyt varaukset, suorat puhelinvaraukset, s\u00e4hk\u00f6postitse tehdyt varaukset tai suorat varaukset ala-aulamme vastaanotosta ). Sis\u00e4\u00e4nkirjautuminen [&hellip;]\" \/>\n<meta property=\"og:url\" content=\"https:\/\/www.hotellitarjanne.fi\/index.php\/varausehdot\/\" \/>\n<meta property=\"og:site_name\" content=\"Hotelli Tarjanteen majoitus Virrat\" \/>\n<meta property=\"article:publisher\" content=\"https:\/\/www.facebook.com\/hotellitarjanteenmajoitus\/\" \/>\n<meta property=\"article:modified_time\" content=\"2026-04-17T10:36:37+00:00\" \/>\n<meta property=\"og:image\" content=\"https:\/\/www.hotellitarjanne.fi\/wp-content\/uploads\/2022\/01\/R6__6173-1.jpg\" \/>\n\t<meta property=\"og:image:width\" content=\"1348\" \/>\n\t<meta property=\"og:image:height\" content=\"899\" \/>\n\t<meta property=\"og:image:type\" content=\"image\/jpeg\" \/>\n<meta name=\"twitter:card\" content=\"summary_large_image\" \/>\n<meta name=\"twitter:label1\" content=\"Arvioitu lukuaika\" \/>\n\t<meta name=\"twitter:data1\" content=\"3 minuuttia\" \/>\n<script type=\"application\/ld+json\" class=\"yoast-schema-graph\">{\"@context\":\"https:\\\/\\\/schema.org\",\"@graph\":[{\"@type\":\"WebPage\",\"@id\":\"https:\\\/\\\/www.hotellitarjanne.fi\\\/index.php\\\/varausehdot\\\/\",\"url\":\"https:\\\/\\\/www.hotellitarjanne.fi\\\/index.php\\\/varausehdot\\\/\",\"name\":\"Varausehdot - Hotelli Tarjanteen majoitus Virrat\",\"isPartOf\":{\"@id\":\"https:\\\/\\\/www.hotellitarjanne.fi\\\/#website\"},\"datePublished\":\"2022-01-16T15:24:21+00:00\",\"dateModified\":\"2026-04-17T10:36:37+00:00\",\"breadcrumb\":{\"@id\":\"https:\\\/\\\/www.hotellitarjanne.fi\\\/index.php\\\/varausehdot\\\/#breadcrumb\"},\"inLanguage\":\"fi\",\"potentialAction\":[{\"@type\":\"ReadAction\",\"target\":[\"https:\\\/\\\/www.hotellitarjanne.fi\\\/index.php\\\/varausehdot\\\/\"]}]},{\"@type\":\"BreadcrumbList\",\"@id\":\"https:\\\/\\\/www.hotellitarjanne.fi\\\/index.php\\\/varausehdot\\\/#breadcrumb\",\"itemListElement\":[{\"@type\":\"ListItem\",\"position\":1,\"name\":\"Etusivu\",\"item\":\"https:\\\/\\\/www.hotellitarjanne.fi\\\/\"},{\"@type\":\"ListItem\",\"position\":2,\"name\":\"Varausehdot\"}]},{\"@type\":\"WebSite\",\"@id\":\"https:\\\/\\\/www.hotellitarjanne.fi\\\/#website\",\"url\":\"https:\\\/\\\/www.hotellitarjanne.fi\\\/\",\"name\":\"Hotelli Tarjanteen majoitus Virrat\",\"description\":\"Hotelli Tarjanne Virrat - edullinen majoitus ymp&auml;ri vuoden!\",\"publisher\":{\"@id\":\"https:\\\/\\\/www.hotellitarjanne.fi\\\/#organization\"},\"potentialAction\":[{\"@type\":\"SearchAction\",\"target\":{\"@type\":\"EntryPoint\",\"urlTemplate\":\"https:\\\/\\\/www.hotellitarjanne.fi\\\/?s={search_term_string}\"},\"query-input\":{\"@type\":\"PropertyValueSpecification\",\"valueRequired\":true,\"valueName\":\"search_term_string\"}}],\"inLanguage\":\"fi\"},{\"@type\":\"Organization\",\"@id\":\"https:\\\/\\\/www.hotellitarjanne.fi\\\/#organization\",\"name\":\"Hotelli Tarjanteen majoitus Virrat\",\"url\":\"https:\\\/\\\/www.hotellitarjanne.fi\\\/\",\"logo\":{\"@type\":\"ImageObject\",\"inLanguage\":\"fi\",\"@id\":\"https:\\\/\\\/www.hotellitarjanne.fi\\\/#\\\/schema\\\/logo\\\/image\\\/\",\"url\":\"https:\\\/\\\/www.hotellitarjanne.fi\\\/wp-content\\\/uploads\\\/2022\\\/01\\\/LogoSin-scaled.png\",\"contentUrl\":\"https:\\\/\\\/www.hotellitarjanne.fi\\\/wp-content\\\/uploads\\\/2022\\\/01\\\/LogoSin-scaled.png\",\"width\":2560,\"height\":1088,\"caption\":\"Hotelli Tarjanteen majoitus Virrat\"},\"image\":{\"@id\":\"https:\\\/\\\/www.hotellitarjanne.fi\\\/#\\\/schema\\\/logo\\\/image\\\/\"},\"sameAs\":[\"https:\\\/\\\/www.facebook.com\\\/hotellitarjanteenmajoitus\\\/\"]}]}<\/script>\n<!-- \/ Yoast SEO plugin. -->","yoast_head_json":{"title":"Varausehdot - Hotelli Tarjanteen majoitus Virrat","robots":{"index":"index","follow":"follow","max-snippet":"max-snippet:-1","max-image-preview":"max-image-preview:large","max-video-preview":"max-video-preview:-1"},"canonical":"https:\/\/www.hotellitarjanne.fi\/index.php\/varausehdot\/","og_locale":"fi_FI","og_type":"article","og_title":"Varausehdot - Hotelli Tarjanteen majoitus Virrat","og_description":"Lataa t\u00e4st\u00e4&nbsp;viralliset varausehdot. Alla muutamia useimmiten kysyttyj\u00e4 asioita koskien Hotelli Tarjanteen majoituksen s\u00e4\u00e4nt\u00f6j\u00e4: Tekem\u00e4ll\u00e4 varauksen mink\u00e4 tahansa varauskanavan kautta sitoudut noudattamaan Hotelli Tarjanteen majoituksen virallisia varausehtoja ja niiden tarkennuksia ( koskee mm: kaikkien internetsivustojen ja -alustojen sek\u00e4 mobiilisovellusten kautta \/ v\u00e4litt\u00e4min\u00e4 tehdyt varaukset, suorat puhelinvaraukset, s\u00e4hk\u00f6postitse tehdyt varaukset tai suorat varaukset ala-aulamme vastaanotosta ). Sis\u00e4\u00e4nkirjautuminen [&hellip;]","og_url":"https:\/\/www.hotellitarjanne.fi\/index.php\/varausehdot\/","og_site_name":"Hotelli Tarjanteen majoitus Virrat","article_publisher":"https:\/\/www.facebook.com\/hotellitarjanteenmajoitus\/","article_modified_time":"2026-04-17T10:36:37+00:00","og_image":[{"width":1348,"height":899,"url":"https:\/\/www.hotellitarjanne.fi\/wp-content\/uploads\/2022\/01\/R6__6173-1.jpg","type":"image\/jpeg"}],"twitter_card":"summary_large_image","twitter_misc":{"Arvioitu lukuaika":"3 minuuttia"},"schema":{"@context":"https:\/\/schema.org","@graph":[{"@type":"WebPage","@id":"https:\/\/www.hotellitarjanne.fi\/index.php\/varausehdot\/","url":"https:\/\/www.hotellitarjanne.fi\/index.php\/varausehdot\/","name":"Varausehdot - Hotelli Tarjanteen majoitus Virrat","isPartOf":{"@id":"https:\/\/www.hotellitarjanne.fi\/#website"},"datePublished":"2022-01-16T15:24:21+00:00","dateModified":"2026-04-17T10:36:37+00:00","breadcrumb":{"@id":"https:\/\/www.hotellitarjanne.fi\/index.php\/varausehdot\/#breadcrumb"},"inLanguage":"fi","potentialAction":[{"@type":"ReadAction","target":["https:\/\/www.hotellitarjanne.fi\/index.php\/varausehdot\/"]}]},{"@type":"BreadcrumbList","@id":"https:\/\/www.hotellitarjanne.fi\/index.php\/varausehdot\/#breadcrumb","itemListElement":[{"@type":"ListItem","position":1,"name":"Etusivu","item":"https:\/\/www.hotellitarjanne.fi\/"},{"@type":"ListItem","position":2,"name":"Varausehdot"}]},{"@type":"WebSite","@id":"https:\/\/www.hotellitarjanne.fi\/#website","url":"https:\/\/www.hotellitarjanne.fi\/","name":"Hotelli Tarjanteen majoitus Virrat","description":"Hotelli Tarjanne Virrat - edullinen majoitus ymp&auml;ri vuoden!","publisher":{"@id":"https:\/\/www.hotellitarjanne.fi\/#organization"},"potentialAction":[{"@type":"SearchAction","target":{"@type":"EntryPoint","urlTemplate":"https:\/\/www.hotellitarjanne.fi\/?s={search_term_string}"},"query-input":{"@type":"PropertyValueSpecification","valueRequired":true,"valueName":"search_term_string"}}],"inLanguage":"fi"},{"@type":"Organization","@id":"https:\/\/www.hotellitarjanne.fi\/#organization","name":"Hotelli Tarjanteen majoitus Virrat","url":"https:\/\/www.hotellitarjanne.fi\/","logo":{"@type":"ImageObject","inLanguage":"fi","@id":"https:\/\/www.hotellitarjanne.fi\/#\/schema\/logo\/image\/","url":"https:\/\/www.hotellitarjanne.fi\/wp-content\/uploads\/2022\/01\/LogoSin-scaled.png","contentUrl":"https:\/\/www.hotellitarjanne.fi\/wp-content\/uploads\/2022\/01\/LogoSin-scaled.png","width":2560,"height":1088,"caption":"Hotelli Tarjanteen majoitus Virrat"},"image":{"@id":"https:\/\/www.hotellitarjanne.fi\/#\/schema\/logo\/image\/"},"sameAs":["https:\/\/www.facebook.com\/hotellitarjanteenmajoitus\/"]}]}},"uagb_featured_image_src":{"full":false,"thumbnail":false,"medium":false,"medium_large":false,"large":false,"1536x1536":false,"2048x2048":false,"webia-cottages-gallery":false,"webia-cottages-gallery2x":false},"uagb_author_info":{"display_name":"admin","author_link":"https:\/\/www.hotellitarjanne.fi\/index.php\/author\/admin\/"},"uagb_comment_info":0,"uagb_excerpt":"Lataa t\u00e4st\u00e4&nbsp;viralliset varausehdot. Alla muutamia useimmiten kysyttyj\u00e4 asioita koskien Hotelli Tarjanteen majoituksen s\u00e4\u00e4nt\u00f6j\u00e4: Tekem\u00e4ll\u00e4 varauksen mink\u00e4 tahansa varauskanavan kautta sitoudut noudattamaan Hotelli Tarjanteen majoituksen virallisia varausehtoja ja niiden tarkennuksia ( koskee mm: kaikkien internetsivustojen ja -alustojen sek\u00e4 mobiilisovellusten kautta \/ v\u00e4litt\u00e4min\u00e4 tehdyt varaukset, suorat puhelinvaraukset, s\u00e4hk\u00f6postitse tehdyt varaukset tai suorat varaukset ala-aulamme vastaanotosta ). Sis\u00e4\u00e4nkirjautuminen&hellip;","_links":{"self":[{"href":"https:\/\/www.hotellitarjanne.fi\/index.php\/wp-json\/wp\/v2\/pages\/1802","targetHints":{"allow":["GET"]}}],"collection":[{"href":"https:\/\/www.hotellitarjanne.fi\/index.php\/wp-json\/wp\/v2\/pages"}],"about":[{"href":"https:\/\/www.hotellitarjanne.fi\/index.php\/wp-json\/wp\/v2\/types\/page"}],"author":[{"embeddable":true,"href":"https:\/\/www.hotellitarjanne.fi\/index.php\/wp-json\/wp\/v2\/users\/1"}],"replies":[{"embeddable":true,"href":"https:\/\/www.hotellitarjanne.fi\/index.php\/wp-json\/wp\/v2\/comments?post=1802"}],"version-history":[{"count":39,"href":"https:\/\/www.hotellitarjanne.fi\/index.php\/wp-json\/wp\/v2\/pages\/1802\/revisions"}],"predecessor-version":[{"id":6159,"href":"https:\/\/www.hotellitarjanne.fi\/index.php\/wp-json\/wp\/v2\/pages\/1802\/revisions\/6159"}],"wp:attachment":[{"href":"https:\/\/www.hotellitarjanne.fi\/index.php\/wp-json\/wp\/v2\/media?parent=1802"}],"curies":[{"name":"wp","href":"https:\/\/api.w.org\/{rel}","templated":true}]}}